{"id":452,"date":"2025-05-08T13:11:28","date_gmt":"2025-05-08T13:11:28","guid":{"rendered":"https:\/\/vejviseriditliv.dk\/index.php\/cookie-policy-eu\/"},"modified":"2025-05-08T13:41:40","modified_gmt":"2025-05-08T13:41:40","slug":"cookiepolitik","status":"publish","type":"page","link":"https:\/\/vejviseriditliv.dk\/index.php\/cookiepolitik\/","title":{"rendered":"Cookiepolitik"},"content":{"rendered":"<p>[et_pb_section fb_built=&#8221;1&#8243; theme_builder_area=&#8221;post_content&#8221; _builder_version=&#8221;4.27.4&#8243; _module_preset=&#8221;default&#8221; background_color=&#8221;#FFFFFF&#8221; hover_enabled=&#8221;0&#8243; sticky_enabled=&#8221;0&#8243;][et_pb_row _builder_version=&#8221;4.27.4&#8243; _module_preset=&#8221;default&#8221; theme_builder_area=&#8221;post_content&#8221;][et_pb_column _builder_version=&#8221;4.27.4&#8243; _module_preset=&#8221;default&#8221; type=&#8221;4_4&#8243; theme_builder_area=&#8221;post_content&#8221;][et_pb_heading title=&#8221;Cookiepolitik&#8221; _builder_version=&#8221;4.27.4&#8243; _module_preset=&#8221;default&#8221; theme_builder_area=&#8221;post_content&#8221; title_text_align=&#8221;center&#8221; hover_enabled=&#8221;0&#8243; sticky_enabled=&#8221;0&#8243;][\/et_pb_heading][et_pb_text _builder_version=&#8221;4.27.4&#8243; _module_preset=&#8221;default&#8221; theme_builder_area=&#8221;post_content&#8221; hover_enabled=&#8221;0&#8243; sticky_enabled=&#8221;0&#8243;]<\/p>\n<p>Denne cookiepolitik forklarer, hvordan vi hos <strong>Vejviser i dit liv<\/strong> anvender cookies og lignende teknologier p\u00e5 vores hjemmeside <strong>www.vejviseriditliv.dk<\/strong>. Vi bruger cookies for at sikre, at siden fungerer korrekt, og for at give dig en god og personlig oplevelse \u2013 b\u00e5de n\u00e5r du l\u00e6ser indhold, booker sessioner eller tilmelder dig et nyhedsbrev.<\/p>\n<h3>Hvad er cookies?<\/h3>\n<p>Cookies er sm\u00e5 tekstfiler, som gemmes p\u00e5 din enhed (computer, mobil eller tablet), n\u00e5r du bes\u00f8ger vores hjemmeside. De hj\u00e6lper os med at huske dine pr\u00e6ferencer og forbedre din oplevelse, samt med at forst\u00e5, hvordan siden bruges, s\u00e5 vi kan udvikle den i den rigtige retning.<\/p>\n<h3>Hvilke cookies bruger vi?<\/h3>\n<h4>1. N\u00f8dvendige cookies<\/h4>\n<p>Disse cookies g\u00f8r, at vores hjemmeside fungerer teknisk korrekt. Det kan v\u00e6re cookies, der g\u00f8r det muligt at booke en session, sende formularer eller huske dine cookieindstillinger.<\/p>\n<h4>2. Funktionelle cookies<\/h4>\n<p>Disse cookies g\u00f8r det muligt at huske dine valg \u2013 fx om du har set en popup, eller hvilket sprog du foretr\u00e6kker. De g\u00f8r din oplevelse mere personlig og brugervenlig.<\/p>\n<h4>3. Statistiske cookies<\/h4>\n<p>Vi bruger cookies til at indsamle anonym statistik om brugen af vores hjemmeside, s\u00e5 vi kan se, hvilke sider der bes\u00f8ges mest, og hvordan bes\u00f8gende navigerer rundt. Det hj\u00e6lper os med at forbedre vores indhold og services.<\/p>\n<h4>4. Marketingcookies<\/h4>\n<p>Vi bruger marketingcookies til at kunne vise dig relevant indhold og annoncer \u2013 fx via sociale medier som Facebook eller Instagram. Disse cookies hj\u00e6lper os med at m\u00e5lrette information om events, kurser eller sessionstilbud, der kunne v\u00e6re relevante for dig.<\/p>\n<h3>Dit samtykke<\/h3>\n<p>N\u00e5r du bes\u00f8ger vores hjemmeside f\u00f8rste gang, bliver du bedt om at tage stilling til, hvilke typer cookies du vil tillade. Du kan til enhver tid \u00e6ndre eller tr\u00e6kke dit samtykke tilbage ved at klikke p\u00e5 cookie-ikonet (eller linket) nederst p\u00e5 siden.<\/p>\n<p>Du kan ogs\u00e5 slette eller blokere cookies via din browser. V\u00e6r dog opm\u00e6rksom p\u00e5, at visse funktioner p\u00e5 hjemmesiden herefter m\u00e5ske ikke virker som de skal.<\/p>\n<h3>Kontakt<\/h3>\n<p>Har du sp\u00f8rgsm\u00e5l til vores brug af cookies eller vores privatlivspolitik, er du altid velkommen til at kontakte os:<\/p>\n<p><b>Vejviser i dit liv<\/b><\/p>\n<p><span>Kongshvilevej 32, 2800 Kongens Lyngby<\/span><\/p>\n<p>+45 27 70 90 31<\/p>\n<p><a href=\"mailto:mette.jpnes@gmail.com\">mette.jones@gmail.com<\/a><\/p>\n<p><span>CVR nr.: 41 02 30 23<\/span><\/p>\n<p>[\/et_pb_text][\/et_pb_column][\/et_pb_row][\/et_pb_section]<\/p>\n","protected":false},"excerpt":{"rendered":"<p>Denne cookiepolitik forklarer, hvordan vi hos Vejviser i dit liv anvender cookies og lignende teknologier p\u00e5 vores hjemmeside www.vejviseriditliv.dk. Vi bruger cookies for at sikre, at siden fungerer korrekt, og for at give dig en god og personlig oplevelse \u2013 b\u00e5de n\u00e5r du l\u00e6ser indhold, booker sessioner eller tilmelder dig et nyhedsbrev. Hvad er cookies? [&hellip;]<\/p>\n","protected":false},"author":1,"featured_media":0,"parent":0,"menu_order":0,"comment_status":"closed","ping_status":"closed","template":"","meta":{"_et_pb_use_builder":"on","_et_pb_old_content":"<!-- wp:complianz\/document {\"selectedDocument\":\"cookie-statement\"} \/-->","_et_gb_content_width":"","footnotes":""},"class_list":["post-452","page","type-page","status-publish","hentry"],"yoast_head":"<!-- This site is optimized with the Yoast SEO plugin v27.5 - https:\/\/yoast.com\/product\/yoast-seo-wordpress\/ -->\n<title>Cookiepolitik - Mette Jones<\/title>\n<meta name=\"robots\" content=\"index, follow, max-snippet:-1, max-image-preview:large, max-video-preview:-1\" \/>\n<link rel=\"canonical\" href=\"https:\/\/vejviseriditliv.dk\/index.php\/cookiepolitik\/\" \/>\n<meta property=\"og:locale\" content=\"da_DK\" \/>\n<meta property=\"og:type\" content=\"article\" \/>\n<meta property=\"og:title\" content=\"Cookiepolitik - Mette Jones\" \/>\n<meta property=\"og:description\" content=\"Denne cookiepolitik forklarer, hvordan vi hos Vejviser i dit liv anvender cookies og lignende teknologier p\u00e5 vores hjemmeside www.vejviseriditliv.dk. Vi bruger cookies for at sikre, at siden fungerer korrekt, og for at give dig en god og personlig oplevelse \u2013 b\u00e5de n\u00e5r du l\u00e6ser indhold, booker sessioner eller tilmelder dig et nyhedsbrev. Hvad er cookies? [&hellip;]\" \/>\n<meta property=\"og:url\" content=\"https:\/\/vejviseriditliv.dk\/index.php\/cookiepolitik\/\" \/>\n<meta property=\"og:site_name\" content=\"Mette Jones\" \/>\n<meta property=\"article:modified_time\" content=\"2025-05-08T13:41:40+00:00\" \/>\n<meta name=\"twitter:card\" content=\"summary_large_image\" \/>\n<script type=\"application\/ld+json\" class=\"yoast-schema-graph\">{\"@context\":\"https:\\\/\\\/schema.org\",\"@graph\":[{\"@type\":\"WebPage\",\"@id\":\"https:\\\/\\\/vejviseriditliv.dk\\\/index.php\\\/cookiepolitik\\\/\",\"url\":\"https:\\\/\\\/vejviseriditliv.dk\\\/index.php\\\/cookiepolitik\\\/\",\"name\":\"Cookiepolitik - Mette Jones\",\"isPartOf\":{\"@id\":\"https:\\\/\\\/vejviseriditliv.dk\\\/#website\"},\"datePublished\":\"2025-05-08T13:11:28+00:00\",\"dateModified\":\"2025-05-08T13:41:40+00:00\",\"breadcrumb\":{\"@id\":\"https:\\\/\\\/vejviseriditliv.dk\\\/index.php\\\/cookiepolitik\\\/#breadcrumb\"},\"inLanguage\":\"da-DK\",\"potentialAction\":[{\"@type\":\"ReadAction\",\"target\":[\"https:\\\/\\\/vejviseriditliv.dk\\\/index.php\\\/cookiepolitik\\\/\"]}]},{\"@type\":\"BreadcrumbList\",\"@id\":\"https:\\\/\\\/vejviseriditliv.dk\\\/index.php\\\/cookiepolitik\\\/#breadcrumb\",\"itemListElement\":[{\"@type\":\"ListItem\",\"position\":1,\"name\":\"Hjem\",\"item\":\"https:\\\/\\\/vejviseriditliv.dk\\\/\"},{\"@type\":\"ListItem\",\"position\":2,\"name\":\"Cookiepolitik\"}]},{\"@type\":\"WebSite\",\"@id\":\"https:\\\/\\\/vejviseriditliv.dk\\\/#website\",\"url\":\"https:\\\/\\\/vejviseriditliv.dk\\\/\",\"name\":\"Mette Jones\",\"description\":\"Vejviser i dit liv\",\"potentialAction\":[{\"@type\":\"SearchAction\",\"target\":{\"@type\":\"EntryPoint\",\"urlTemplate\":\"https:\\\/\\\/vejviseriditliv.dk\\\/?s={search_term_string}\"},\"query-input\":{\"@type\":\"PropertyValueSpecification\",\"valueRequired\":true,\"valueName\":\"search_term_string\"}}],\"inLanguage\":\"da-DK\"}]}<\/script>\n<!-- \/ Yoast SEO plugin. -->","yoast_head_json":{"title":"Cookiepolitik - Mette Jones","robots":{"index":"index","follow":"follow","max-snippet":"max-snippet:-1","max-image-preview":"max-image-preview:large","max-video-preview":"max-video-preview:-1"},"canonical":"https:\/\/vejviseriditliv.dk\/index.php\/cookiepolitik\/","og_locale":"da_DK","og_type":"article","og_title":"Cookiepolitik - Mette Jones","og_description":"Denne cookiepolitik forklarer, hvordan vi hos Vejviser i dit liv anvender cookies og lignende teknologier p\u00e5 vores hjemmeside www.vejviseriditliv.dk. Vi bruger cookies for at sikre, at siden fungerer korrekt, og for at give dig en god og personlig oplevelse \u2013 b\u00e5de n\u00e5r du l\u00e6ser indhold, booker sessioner eller tilmelder dig et nyhedsbrev. Hvad er cookies? [&hellip;]","og_url":"https:\/\/vejviseriditliv.dk\/index.php\/cookiepolitik\/","og_site_name":"Mette Jones","article_modified_time":"2025-05-08T13:41:40+00:00","twitter_card":"summary_large_image","schema":{"@context":"https:\/\/schema.org","@graph":[{"@type":"WebPage","@id":"https:\/\/vejviseriditliv.dk\/index.php\/cookiepolitik\/","url":"https:\/\/vejviseriditliv.dk\/index.php\/cookiepolitik\/","name":"Cookiepolitik - Mette Jones","isPartOf":{"@id":"https:\/\/vejviseriditliv.dk\/#website"},"datePublished":"2025-05-08T13:11:28+00:00","dateModified":"2025-05-08T13:41:40+00:00","breadcrumb":{"@id":"https:\/\/vejviseriditliv.dk\/index.php\/cookiepolitik\/#breadcrumb"},"inLanguage":"da-DK","potentialAction":[{"@type":"ReadAction","target":["https:\/\/vejviseriditliv.dk\/index.php\/cookiepolitik\/"]}]},{"@type":"BreadcrumbList","@id":"https:\/\/vejviseriditliv.dk\/index.php\/cookiepolitik\/#breadcrumb","itemListElement":[{"@type":"ListItem","position":1,"name":"Hjem","item":"https:\/\/vejviseriditliv.dk\/"},{"@type":"ListItem","position":2,"name":"Cookiepolitik"}]},{"@type":"WebSite","@id":"https:\/\/vejviseriditliv.dk\/#website","url":"https:\/\/vejviseriditliv.dk\/","name":"Mette Jones","description":"Vejviser i dit liv","potentialAction":[{"@type":"SearchAction","target":{"@type":"EntryPoint","urlTemplate":"https:\/\/vejviseriditliv.dk\/?s={search_term_string}"},"query-input":{"@type":"PropertyValueSpecification","valueRequired":true,"valueName":"search_term_string"}}],"inLanguage":"da-DK"}]}},"_links":{"self":[{"href":"https:\/\/vejviseriditliv.dk\/index.php\/wp-json\/wp\/v2\/pages\/452","targetHints":{"allow":["GET"]}}],"collection":[{"href":"https:\/\/vejviseriditliv.dk\/index.php\/wp-json\/wp\/v2\/pages"}],"about":[{"href":"https:\/\/vejviseriditliv.dk\/index.php\/wp-json\/wp\/v2\/types\/page"}],"author":[{"embeddable":true,"href":"https:\/\/vejviseriditliv.dk\/index.php\/wp-json\/wp\/v2\/users\/1"}],"replies":[{"embeddable":true,"href":"https:\/\/vejviseriditliv.dk\/index.php\/wp-json\/wp\/v2\/comments?post=452"}],"version-history":[{"count":4,"href":"https:\/\/vejviseriditliv.dk\/index.php\/wp-json\/wp\/v2\/pages\/452\/revisions"}],"predecessor-version":[{"id":465,"href":"https:\/\/vejviseriditliv.dk\/index.php\/wp-json\/wp\/v2\/pages\/452\/revisions\/465"}],"wp:attachment":[{"href":"https:\/\/vejviseriditliv.dk\/index.php\/wp-json\/wp\/v2\/media?parent=452"}],"curies":[{"name":"wp","href":"https:\/\/api.w.org\/{rel}","templated":true}]}}